{"id":431,"date":"2020-02-05T16:23:56","date_gmt":"2020-02-05T15:23:56","guid":{"rendered":"http:\/\/cmediterraneo.com\/?page_id=431"},"modified":"2026-01-29T11:57:52","modified_gmt":"2026-01-29T10:57:52","slug":"psicologia","status":"publish","type":"page","link":"https:\/\/cmediterraneo.com\/?page_id=431","title":{"rendered":"Psicolog\u00eda"},"content":{"rendered":"\n<p>Cuando abrimos&nbsp;<strong>Centro Mediterr\u00e1neo<\/strong>, sab\u00edamos que adem\u00e1s de ofrecer el mejor asesoramiento nutricional, era fundamental prestar atenci\u00f3n al&nbsp;<strong>bienestar psicol\u00f3gico y emocional<\/strong>. Tras la excelente acogida de nuestros pacientes, hemos dado un paso m\u00e1s: hemos creado un espacio de&nbsp;<strong>consulta de psicolog\u00eda<\/strong>&nbsp;dentro de nuestro centro, ofreciendo un enfoque integral que combina&nbsp;<strong>salud f\u00edsica y emocional<\/strong>.<\/p>\n\n\n\n<p>En nuestra consulta encontrar\u00e1s un equipo de&nbsp;<strong>psic\u00f3logas y neuropsic\u00f3logas<\/strong>&nbsp;altamente comprometidas con tu bienestar, que trabajan desde la evidencia cient\u00edfica y adaptan cada intervenci\u00f3n a las necesidades individuales. Nuestro objetivo es ofrecer&nbsp;<strong>tratamientos personalizados<\/strong>, en un espacio seguro de escucha y colaboraci\u00f3n, donde podr\u00e1s trabajar tus objetivos de manera efectiva y respetuosa.<\/p>\n\n\n\n<hr class=\"wp-block-separator has-css-opacity\"\/>\n\n\n\n<div class=\"wp-block-media-text is-stacked-on-mobile\"><figure class=\"wp-block-media-text__media\"><img loading=\"lazy\" decoding=\"async\" width=\"683\" height=\"1024\" src=\"https:\/\/cmediterraneo.com\/wp-content\/uploads\/2026\/01\/Retrato-de-mujer-con-sueter-crema-683x1024.png\" alt=\"\" class=\"wp-image-901 size-full\" srcset=\"https:\/\/cmediterraneo.com\/wp-content\/uploads\/2026\/01\/Retrato-de-mujer-con-sueter-crema-683x1024.png 683w, https:\/\/cmediterraneo.com\/wp-content\/uploads\/2026\/01\/Retrato-de-mujer-con-sueter-crema-200x300.png 200w, https:\/\/cmediterraneo.com\/wp-content\/uploads\/2026\/01\/Retrato-de-mujer-con-sueter-crema-768x1152.png 768w, https:\/\/cmediterraneo.com\/wp-content\/uploads\/2026\/01\/Retrato-de-mujer-con-sueter-crema.png 1024w\" sizes=\"auto, (max-width: 683px) 100vw, 683px\" \/><\/figure><div class=\"wp-block-media-text__content\">\n<h4 class=\"wp-block-heading\">Servicios de Psicolog\u00eda <\/h4>\n\n\n\n<p>Ofrecemos atenci\u00f3n integral a las distintas \u00e1reas de la salud mental y emocional:<\/p>\n\n\n\n<p>Prevenci\u00f3n y manejo del burnout<\/p>\n\n\n\n<p>Ansiedad y estr\u00e9s<\/p>\n\n\n\n<p>Depresi\u00f3n y cambios de \u00e1nimo<\/p>\n\n\n\n<p>Trastornos del sue\u00f1o<\/p>\n\n\n\n<p>Gesti\u00f3n emocional y autoestima<\/p>\n\n\n\n<p>Problemas de pareja y relaciones interpersonales<\/p>\n\n\n\n<p>Trastornos de la alimentaci\u00f3n<\/p>\n\n\n\n<p>Psicolog\u00eda de la salud y manejo del dolor<\/p>\n\n\n\n<p>Apoyo en procesos de duelo<\/p>\n<\/div><\/div>\n\n\n\n<hr class=\"wp-block-separator has-alpha-channel-opacity\"\/>\n\n\n\n<h4 class=\"wp-block-heading\"><\/h4>\n\n\n\n<h4 class=\"wp-block-heading\">C\u00f3mo trabajamos<\/h4>\n\n\n\n<p>Nuestro equipo aplica&nbsp;<strong>t\u00e9cnicas basadas en evidencia<\/strong>, incluyendo terapias cognitivo-conductuales, terapia familiar, t\u00e9cnicas de relajaci\u00f3n y mindfulness, adaptando cada intervenci\u00f3n a la situaci\u00f3n \u00fanica de cada persona. Trabajamos de forma&nbsp;<strong>colaborativa<\/strong>, con objetivos claros y un seguimiento continuo para evaluar avances y ajustar estrategias seg\u00fan tus necesidades.<\/p>\n\n\n\n<p>Nos enfocamos en que cada paciente encuentre&nbsp;<strong>herramientas pr\u00e1cticas y sostenibles<\/strong>&nbsp;para mejorar su bienestar, la gesti\u00f3n de emociones y la calidad de vida, desde la infancia hasta la adultez. Cada profesional combina rigor cient\u00edfico, cercan\u00eda y empat\u00eda, creando un entorno seguro en el que podr\u00e1s <strong>explorar, aprender y crecer<\/strong>.<\/p>\n\n\n\n<h4 class=\"wp-block-heading\">Contacta con nuestro equipo de psicolog\u00eda<\/h4>\n\n\n\n<p>Tanto si quieres reservar una cita con nosotras, como si quieres hacernos una consulta o solventar cualquier duda, puedes escribirnos en el siguiente formulario de contacto.<\/p>\n\n\n<p>[contact-form-7 id=\u00bb144&#8243; title=\u00bbPonte en contacto con nosotros\u00bb]<\/p>\n\n\n\n<p><\/p>\n","protected":false},"excerpt":{"rendered":"<p>Cuando abrimos&nbsp;Centro Mediterr\u00e1neo, sab\u00edamos que adem\u00e1s de ofrecer el mejor asesoramiento nutricional, era fundamental prestar atenci\u00f3n al&nbsp;bienestar psicol\u00f3gico y emocional. Tras la excelente acogida de nuestros pacientes, hemos dado un paso m\u00e1s: hemos creado un espacio de&nbsp;consulta de psicolog\u00eda&nbsp;dentro de nuestro centro, ofreciendo un enfoque integral que combina&nbsp;salud f\u00edsica y emocional. En nuestra consulta encontrar\u00e1s&hellip; <\/p>\n","protected":false},"author":1,"featured_media":904,"parent":0,"menu_order":0,"comment_status":"closed","ping_status":"closed","template":"","meta":{"footnotes":""},"class_list":["post-431","page","type-page","status-publish","has-post-thumbnail","hentry"],"yoast_head":"<!-- This site is optimized with the Yoast SEO plugin v26.7 - https:\/\/yoast.com\/wordpress\/plugins\/seo\/ -->\n<title>Psicolog\u00eda - Centro Mediterr\u00e1neo<\/title>\n<meta name=\"robots\" content=\"index, follow, max-snippet:-1, max-image-preview:large, max-video-preview:-1\" \/>\n<link rel=\"canonical\" href=\"https:\/\/cmediterraneo.com\/?page_id=431\" \/>\n<meta property=\"og:locale\" content=\"es_ES\" \/>\n<meta property=\"og:type\" content=\"article\" \/>\n<meta property=\"og:title\" content=\"Psicolog\u00eda - Centro Mediterr\u00e1neo\" \/>\n<meta property=\"og:description\" content=\"Cuando abrimos&nbsp;Centro Mediterr\u00e1neo, sab\u00edamos que adem\u00e1s de ofrecer el mejor asesoramiento nutricional, era fundamental prestar atenci\u00f3n al&nbsp;bienestar psicol\u00f3gico y emocional. Tras la excelente acogida de nuestros pacientes, hemos dado un paso m\u00e1s: hemos creado un espacio de&nbsp;consulta de psicolog\u00eda&nbsp;dentro de nuestro centro, ofreciendo un enfoque integral que combina&nbsp;salud f\u00edsica y emocional. En nuestra consulta encontrar\u00e1s&hellip;\" \/>\n<meta property=\"og:url\" content=\"https:\/\/cmediterraneo.com\/?page_id=431\" \/>\n<meta property=\"og:site_name\" content=\"Centro Mediterr\u00e1neo\" \/>\n<meta property=\"article:modified_time\" content=\"2026-01-29T10:57:52+00:00\" \/>\n<meta property=\"og:image\" content=\"http:\/\/cmediterraneo.com\/wp-content\/uploads\/2026\/01\/Retrato-de-mujer-con-sueter-crema-2-e1769684264591.png\" \/>\n\t<meta property=\"og:image:width\" content=\"1024\" \/>\n\t<meta property=\"og:image:height\" content=\"863\" \/>\n\t<meta property=\"og:image:type\" content=\"image\/png\" \/>\n<meta name=\"twitter:card\" content=\"summary_large_image\" \/>\n<meta name=\"twitter:label1\" content=\"Tiempo de lectura\" \/>\n\t<meta name=\"twitter:data1\" content=\"2 minutos\" \/>\n<script type=\"application\/ld+json\" class=\"yoast-schema-graph\">{\"@context\":\"https:\/\/schema.org\",\"@graph\":[{\"@type\":\"WebPage\",\"@id\":\"https:\/\/cmediterraneo.com\/?page_id=431\",\"url\":\"https:\/\/cmediterraneo.com\/?page_id=431\",\"name\":\"Psicolog\u00eda - Centro Mediterr\u00e1neo\",\"isPartOf\":{\"@id\":\"https:\/\/cmediterraneo.com\/#website\"},\"primaryImageOfPage\":{\"@id\":\"https:\/\/cmediterraneo.com\/?page_id=431#primaryimage\"},\"image\":{\"@id\":\"https:\/\/cmediterraneo.com\/?page_id=431#primaryimage\"},\"thumbnailUrl\":\"https:\/\/cmediterraneo.com\/wp-content\/uploads\/2026\/01\/Retrato-de-mujer-con-sueter-crema-2-e1769684264591.png\",\"datePublished\":\"2020-02-05T15:23:56+00:00\",\"dateModified\":\"2026-01-29T10:57:52+00:00\",\"breadcrumb\":{\"@id\":\"https:\/\/cmediterraneo.com\/?page_id=431#breadcrumb\"},\"inLanguage\":\"es\",\"potentialAction\":[{\"@type\":\"ReadAction\",\"target\":[\"https:\/\/cmediterraneo.com\/?page_id=431\"]}]},{\"@type\":\"ImageObject\",\"inLanguage\":\"es\",\"@id\":\"https:\/\/cmediterraneo.com\/?page_id=431#primaryimage\",\"url\":\"https:\/\/cmediterraneo.com\/wp-content\/uploads\/2026\/01\/Retrato-de-mujer-con-sueter-crema-2-e1769684264591.png\",\"contentUrl\":\"https:\/\/cmediterraneo.com\/wp-content\/uploads\/2026\/01\/Retrato-de-mujer-con-sueter-crema-2-e1769684264591.png\",\"width\":1024,\"height\":863},{\"@type\":\"BreadcrumbList\",\"@id\":\"https:\/\/cmediterraneo.com\/?page_id=431#breadcrumb\",\"itemListElement\":[{\"@type\":\"ListItem\",\"position\":1,\"name\":\"Portada\",\"item\":\"https:\/\/cmediterraneo.com\/\"},{\"@type\":\"ListItem\",\"position\":2,\"name\":\"Psicolog\u00eda\"}]},{\"@type\":\"WebSite\",\"@id\":\"https:\/\/cmediterraneo.com\/#website\",\"url\":\"https:\/\/cmediterraneo.com\/\",\"name\":\"Centro Mediterr\u00e1neo\",\"description\":\"Diet\u00e9tica y Nutrici\u00f3n\",\"publisher\":{\"@id\":\"https:\/\/cmediterraneo.com\/#organization\"},\"potentialAction\":[{\"@type\":\"SearchAction\",\"target\":{\"@type\":\"EntryPoint\",\"urlTemplate\":\"https:\/\/cmediterraneo.com\/?s={search_term_string}\"},\"query-input\":{\"@type\":\"PropertyValueSpecification\",\"valueRequired\":true,\"valueName\":\"search_term_string\"}}],\"inLanguage\":\"es\"},{\"@type\":\"Organization\",\"@id\":\"https:\/\/cmediterraneo.com\/#organization\",\"name\":\"Centro Mediterr\u00e1neo cl\u00ednica multidisciplinar\",\"url\":\"https:\/\/cmediterraneo.com\/\",\"logo\":{\"@type\":\"ImageObject\",\"inLanguage\":\"es\",\"@id\":\"https:\/\/cmediterraneo.com\/#\/schema\/logo\/image\/\",\"url\":\"https:\/\/cmediterraneo.com\/wp-content\/uploads\/2026\/01\/cropped-Diseno-sin-titulo-4.png\",\"contentUrl\":\"https:\/\/cmediterraneo.com\/wp-content\/uploads\/2026\/01\/cropped-Diseno-sin-titulo-4.png\",\"width\":1563,\"height\":1082,\"caption\":\"Centro Mediterr\u00e1neo cl\u00ednica multidisciplinar\"},\"image\":{\"@id\":\"https:\/\/cmediterraneo.com\/#\/schema\/logo\/image\/\"},\"sameAs\":[\"https:\/\/www.instagram.com\/centro_mediterraneo\/\"]}]}<\/script>\n<!-- \/ Yoast SEO plugin. -->","yoast_head_json":{"title":"Psicolog\u00eda - Centro Mediterr\u00e1neo","robots":{"index":"index","follow":"follow","max-snippet":"max-snippet:-1","max-image-preview":"max-image-preview:large","max-video-preview":"max-video-preview:-1"},"canonical":"https:\/\/cmediterraneo.com\/?page_id=431","og_locale":"es_ES","og_type":"article","og_title":"Psicolog\u00eda - Centro Mediterr\u00e1neo","og_description":"Cuando abrimos&nbsp;Centro Mediterr\u00e1neo, sab\u00edamos que adem\u00e1s de ofrecer el mejor asesoramiento nutricional, era fundamental prestar atenci\u00f3n al&nbsp;bienestar psicol\u00f3gico y emocional. Tras la excelente acogida de nuestros pacientes, hemos dado un paso m\u00e1s: hemos creado un espacio de&nbsp;consulta de psicolog\u00eda&nbsp;dentro de nuestro centro, ofreciendo un enfoque integral que combina&nbsp;salud f\u00edsica y emocional. En nuestra consulta encontrar\u00e1s&hellip;","og_url":"https:\/\/cmediterraneo.com\/?page_id=431","og_site_name":"Centro Mediterr\u00e1neo","article_modified_time":"2026-01-29T10:57:52+00:00","og_image":[{"width":1024,"height":863,"url":"http:\/\/cmediterraneo.com\/wp-content\/uploads\/2026\/01\/Retrato-de-mujer-con-sueter-crema-2-e1769684264591.png","type":"image\/png"}],"twitter_card":"summary_large_image","twitter_misc":{"Tiempo de lectura":"2 minutos"},"schema":{"@context":"https:\/\/schema.org","@graph":[{"@type":"WebPage","@id":"https:\/\/cmediterraneo.com\/?page_id=431","url":"https:\/\/cmediterraneo.com\/?page_id=431","name":"Psicolog\u00eda - Centro Mediterr\u00e1neo","isPartOf":{"@id":"https:\/\/cmediterraneo.com\/#website"},"primaryImageOfPage":{"@id":"https:\/\/cmediterraneo.com\/?page_id=431#primaryimage"},"image":{"@id":"https:\/\/cmediterraneo.com\/?page_id=431#primaryimage"},"thumbnailUrl":"https:\/\/cmediterraneo.com\/wp-content\/uploads\/2026\/01\/Retrato-de-mujer-con-sueter-crema-2-e1769684264591.png","datePublished":"2020-02-05T15:23:56+00:00","dateModified":"2026-01-29T10:57:52+00:00","breadcrumb":{"@id":"https:\/\/cmediterraneo.com\/?page_id=431#breadcrumb"},"inLanguage":"es","potentialAction":[{"@type":"ReadAction","target":["https:\/\/cmediterraneo.com\/?page_id=431"]}]},{"@type":"ImageObject","inLanguage":"es","@id":"https:\/\/cmediterraneo.com\/?page_id=431#primaryimage","url":"https:\/\/cmediterraneo.com\/wp-content\/uploads\/2026\/01\/Retrato-de-mujer-con-sueter-crema-2-e1769684264591.png","contentUrl":"https:\/\/cmediterraneo.com\/wp-content\/uploads\/2026\/01\/Retrato-de-mujer-con-sueter-crema-2-e1769684264591.png","width":1024,"height":863},{"@type":"BreadcrumbList","@id":"https:\/\/cmediterraneo.com\/?page_id=431#breadcrumb","itemListElement":[{"@type":"ListItem","position":1,"name":"Portada","item":"https:\/\/cmediterraneo.com\/"},{"@type":"ListItem","position":2,"name":"Psicolog\u00eda"}]},{"@type":"WebSite","@id":"https:\/\/cmediterraneo.com\/#website","url":"https:\/\/cmediterraneo.com\/","name":"Centro Mediterr\u00e1neo","description":"Diet\u00e9tica y Nutrici\u00f3n","publisher":{"@id":"https:\/\/cmediterraneo.com\/#organization"},"potentialAction":[{"@type":"SearchAction","target":{"@type":"EntryPoint","urlTemplate":"https:\/\/cmediterraneo.com\/?s={search_term_string}"},"query-input":{"@type":"PropertyValueSpecification","valueRequired":true,"valueName":"search_term_string"}}],"inLanguage":"es"},{"@type":"Organization","@id":"https:\/\/cmediterraneo.com\/#organization","name":"Centro Mediterr\u00e1neo cl\u00ednica multidisciplinar","url":"https:\/\/cmediterraneo.com\/","logo":{"@type":"ImageObject","inLanguage":"es","@id":"https:\/\/cmediterraneo.com\/#\/schema\/logo\/image\/","url":"https:\/\/cmediterraneo.com\/wp-content\/uploads\/2026\/01\/cropped-Diseno-sin-titulo-4.png","contentUrl":"https:\/\/cmediterraneo.com\/wp-content\/uploads\/2026\/01\/cropped-Diseno-sin-titulo-4.png","width":1563,"height":1082,"caption":"Centro Mediterr\u00e1neo cl\u00ednica multidisciplinar"},"image":{"@id":"https:\/\/cmediterraneo.com\/#\/schema\/logo\/image\/"},"sameAs":["https:\/\/www.instagram.com\/centro_mediterraneo\/"]}]}},"_links":{"self":[{"href":"https:\/\/cmediterraneo.com\/index.php?rest_route=\/wp\/v2\/pages\/431","targetHints":{"allow":["GET"]}}],"collection":[{"href":"https:\/\/cmediterraneo.com\/index.php?rest_route=\/wp\/v2\/pages"}],"about":[{"href":"https:\/\/cmediterraneo.com\/index.php?rest_route=\/wp\/v2\/types\/page"}],"author":[{"embeddable":true,"href":"https:\/\/cmediterraneo.com\/index.php?rest_route=\/wp\/v2\/users\/1"}],"replies":[{"embeddable":true,"href":"https:\/\/cmediterraneo.com\/index.php?rest_route=%2Fwp%2Fv2%2Fcomments&post=431"}],"version-history":[{"count":29,"href":"https:\/\/cmediterraneo.com\/index.php?rest_route=\/wp\/v2\/pages\/431\/revisions"}],"predecessor-version":[{"id":902,"href":"https:\/\/cmediterraneo.com\/index.php?rest_route=\/wp\/v2\/pages\/431\/revisions\/902"}],"wp:featuredmedia":[{"embeddable":true,"href":"https:\/\/cmediterraneo.com\/index.php?rest_route=\/wp\/v2\/media\/904"}],"wp:attachment":[{"href":"https:\/\/cmediterraneo.com\/index.php?rest_route=%2Fwp%2Fv2%2Fmedia&parent=431"}],"curies":[{"name":"wp","href":"https:\/\/api.w.org\/{rel}","templated":true}]}}